229
In base 6, what is 13420335 - 3?
13420332
In base 12, what is -5 - 1b2a58?
-1b2a61
In base 15, what is 99 + cc7?
d71
In base 16, what is -5938 - 8?
-5940
In base 11, what is -4a0 - -1?
-49a
In base 4, what is 1 - 13321330?
-13321323
In base 8, what is -162 - 1375?
-1557
In base 9, what is 64 + -1677?
-1613
In base 13, what is 109 + -5934?
-5828
In base 15, what is 437aa4 + 3?
437aa7
In base 7, what is -2135442 - 30?
-2135502
In base 13, what is -12 + 5463c?
5462a
In base 2, what is 1 - -111111001011011101?
111111001011011110
In base 8, what is 3562 + -4?
3556
In base 15, what is -11ec - -17?
-11d5
In base 13, what is -13 - -41061?
4104b
In base 16, what is 790c0 + 2?
790c2
In base 4, what is 12 - 1200013?
-1200001
In base 8, what is 4 - 126703?
-126677
In base 4, what is -132300 + -120?
-133020
In base 11, what is 15 - 101?
-97
In base 9, what is -4 + 422837?
422833
In base 15, what is -84d - 3?
-851
In base 4, what is -11 + -101123?
-101200
In base 9, what is -1042475 + 2?
-1042473
In base 2, what is 111111110100111011001 + 1?
111111110100111011010
In base 16, what is -328 - 428?
-750
In base 12, what is 23 + -24998?
-24975
In base 2, what is 10111 - 110010111011?
-110010100100
In base 5, what is -1014002 - 11?
-1014013
In base 3, what is 1 - 20011101?
-20011100
In base 11, what is 3260032 - -4?
3260036
In base 14, what is -48 - 3a94?
-3adc
In base 15, what is 2cd - -34?
312
In base 11, what is 3 - 16531?
-16529
In base 8, what is 133 - -14515?
14650
In base 2, what is -1100 - -11100111001?
11100101101
In base 7, what is -245614 - -1?
-245613
In base 10, what is 195551 + -4?
195547
In base 14, what is -2a1 - 274?
-535
In base 9, what is -28 - -15603?
15564
In base 10, what is -12 - 11870?
-11882
In base 10, what is -16526 + -13?
-16539
In base 5, what is -312223300 - 4?
-312223304
In base 15, what is 3 - 119ce?
-119cb
In base 12, what is 3 - -135303?
135306
In base 3, what is -2202210 - -200222?
-2001211
In base 14, what is -4 + -4047?
-404b
In base 7, what is -1004201 - -11?
-1004160
In base 11, what is -22876 + -4?
-2287a
In base 14, what is -1 - 571?
-572
In base 15, what is -5ede0 - 3?
-5ede3
In base 3, what is -1001102121 - 10020?
-1001112211
In base 3, what is -1012 - -2101120?
2100101
In base 15, what is -5649 + -8?
-5652
In base 14, what is -2 + 1a585?
1a583
In base 2, what is -11100 - 100110001000?
-100110100100
In base 4, what is -21 + 21322223?
21322202
In base 8, what is 5 + 5042034?
5042041
In base 3, what is 0 - 220001200?
-220001200
In base 5, what is 44 - -340?
434
In base 12, what is -21b29 + 3?
-21b26
In base 7, what is -241 + -3562?
-4133
In base 7, what is 14 + 13201?
13215
In base 12, what is 5 - -1578a?
15793
In base 7, what is 1263 - -26?
1322
In base 15, what is -be63e - -1?
-be63d
In base 13, what is -36a3 + a5?
-35cb
In base 13, what is 98 - -2152?
221a
In base 6, what is 2 - -55221?
55223
In base 5, what is 410 - 1020?
-110
In base 15, what is -c94 + -a?
-c9e
In base 5, what is -34423 - 33?
-40011
In base 16, what is 2a5 - 1c7?
de
In base 9, what is -88673 - -4?
-88668
In base 13, what is 36c4a + -6?
36c44
In base 8, what is -105624 + -4?
-105630
In base 14, what is 1d3 + ca?
2bd
In base 7, what is 11 + -2161103?
-2161062
In base 13, what is -5534 - -2?
-5532
In base 14, what is -10 + -19b1?
-19c1
In base 15, what is 4a - 3da?
-390
In base 5, what is -414130 + 320?
-413310
In base 8, what is -15342 - -25?
-15315
In base 2, what is 10000 + 10000010111000?
10000011001000
In base 9, what is -2428 - -3?
-2425
In base 13, what is 2 - -625b?
6260
In base 9, what is -105 - 30247?
-30353
In base 2, what is 1010001 + 1000000011?
1001010100
In base 5, what is 0 + 33140100?
33140100
In base 5, what is -1440 + -312040?
-314030
In base 13, what is 25 - -c94?
cb9
In base 7, what is 112 + 2044?
2156
In base 12, what is 13876 + -a?
13868
In base 4, what is 23232202011 + 3?
23232202020
In base 9, what is -327 - -28?
-288
In base 2, what is -110011011111 - -101?
-110011011010
In base 3, what is -22010001 - 10100?
-22020101
In base 10, what is -285393 + -4?
-285397
In base 7, what is -2006 + 63?
-1613
In base 13, what is -3 + -19703?
-19706
In base 11, what is -1a18a + -14?
-1a1a3
In base 9, what is -3176 + -4?
-3181
In base 6, what is -35510 + -4?
-35514
In base 16, what is 8 - c28?
-c20
In base 12, what is 63 + -16a?
-107
In base 2, what is 100000011 - 11011111011?
-10111111000
In base 3, what is -10 - 12022210022?
-12022210102
In base 8, what is 2 - -62757?
62761
In base 12, what is -7983 - 2?
-7985
In base 11, what is -218a - 9?
-2198
In base 13, what is 5 - 41cc?
-41c7
In base 8, what is -2135 - 52?
-2207
In base 11, what is 2a10 + -5?
2a06
In base 4, what is -10 - 1122133032?
-1122133102
In base 7, what is -53 - -142154?
142101
In base 8, what is -604 + -250?
-1054
In base 10, what is 0 + -36186?
-36186
In base 5, what is 3 + -12233042?
-12233034
In base 14, what is -5260 + -1a?
-527a
In base 10, what is -1 + 250011?
250010
In base 11, what is -1172 + -51?
-1213
In base 15, what is -1de - -4d?
-191
In base 12, what is -2b7 + -45?
-340
In base 7, what is 1 + 5624511?
5624512
In base 13, what is 1968a + 16?
196a3
In base 2, what is -10100001010101 - -1011?
-10100001001010
In base 13, what is 1 - 6876?
-6875
In base 3, what is -10222000 + 211?
-10221012
In base 13, what is -bc - 1502?
-15c1
In base 4, what is -323213221 + 0?
-323213221
In base 7, what is -23 - -60455?
60432
In base 3, what is 1011201012110 - -2?
1011201012112
In base 10, what is 96 + -14590?
-14494
In base 16, what is 73ce7 + 5?
73cec
In base 16, what is 191c3 + 3?
191c6
In base 3, what is 11002 - 10000112?
-2212110
In base 10, what is 3 + -309350?
-309347
In base 5, what is 1400 - -113040?
114440
In base 6, what is 322 - -210?
532
In base 2, what is 100001011 - -10001011010?
10101100101
In base 15, what is 408d + -33?
405a
In base 4, what is 32032 - 23?
32003
In base 7, what is 151614 - 3?
151611
In base 12, what is -49 + 11b?
92
In base 8, what is -241703 + 2?
-241701
In base 16, what is 7 + 2621?
2628
In base 11, what is 35 - 2860a?
-28585
In base 3, what is -21012001 + -22012?
-21111020
In base 2, what is 10010100 + 1110111000?
10001001100
In base 8, what is 10 - -30731?
30741
In base 10, what is 5 + -924?
-919
In base 14, what is 0 - 2698c?
-2698c
In base 3, what is 100202210122 + -10?
100202210112
In base 3, what is -211100220001 - 2?
-211100220010
In base 15, what is 12 - -15cbe?
15cd1
In base 14, what is 3 - -2ca969?
2ca96c
In base 2, what is -1011000001100100101 - -101?
-1011000001100100000
In base 16, what is -4 - 61040?
-61044
In base 11, what is 15a2a9 - 3?
15a2a6
In base 2, what is -11000010001010010 + -11?
-11000010001010101
In base 2, what is 10010111100010111 + -10?
10010111100010101
In base 2, what is 10111101100001001 - -1?
10111101100001010
In base 4, what is 12122 + 102?
12230
In base 7, what is -323363 + 0?
-323363
In base 16, what is c3a2b + -4?
c3a27
In base 7, what is 2253 + 1036?
3322
In base 12, what is 4970 - -8?
4978
In base 8, what is 4 - -221242?
221246
In base 3, what is -2020 + -1210212?
-1220002
In base 16, what is -9 - -2b37d?
2b374
In base 16, what is 1b13 - -24?
1b37
In base 5, what is -143431 + 0?
-143431
In base 4, what is -23312121 + -32?
-23312213
In base 8, what is -20350 + 5?
-20343
In base 7, what is -4 - 4326?
-4333
In base 9, what is -23 - -60?
36
In base 12, what is 55 + -945?
-8b0
In base 2, what is -100111101001001 + 11?
-100111101000110
In base 3, what is -120 - -21112111?
21111221
In base 11, what is -126 - -a88?
962
In base 9, what is -3 + -1273?
-1276
In base 2, what is -1011111 - -10000000100110?
1111111000111
In base 14, what is -17 - -11697?
11680
In base 11, what is -2a0 - -51?
-24a
In base 8, what is 146 + 3653?
4021
In base 8, what is 60 + -661?
-601
In base 4, what is 1233 - -10211?
12110
In base 10, what is -5820 - 17?
-5837
In base 12, what is 47a + -560?
-a2
In base 15, what is -7513 + 0?
-7513
In base 6, what is 3 - 154532?
-154525
In base 5, what is 4 - -10332113?
10332122
In base 14, what is -41 - 183?
-1c4
In base 3, what is 1201211222212 - 2?
1201211222210
In base 11, what is 131 - -385?
506
In base 3, what is -10 - 11110001111?
-11110001121
In base 8, what is 60171 + 1?
60172
In base 11, w